greatest common factor of z and 5518.
62
Let m(y) = y**3 - 11*y**2 + 21*y - 5. Let w be m(10). What is the greatest common factor of 455 and w?
35
Let v(l) = l**2 + 279. Let q be v(0). Let h = 413 - 382. Calculate the greatest common factor of q and h.
31
Suppose 2*q + 4*p = 4116, -2*q - 3*p = -2*p - 4119. What is the greatest common factor of q and 460?
20
Let n = -851 - -853. Suppose 153 = s + 3*w, n*w + 459 = -72*s + 75*s. What is the greatest common divisor of s and 102?
51
Let v(z) = -3*z + 29. Let f be v(8). Suppose f*q - 147 = 273. Let c be (-34)/(-2) + 40/10. What is the highest common factor of q and c?
21
Suppose -42 = 13*p + 257. Let d be 40/(-4) + 5 - p. What is the greatest common divisor of 2 and d?
2
Let i(q) = -q**3 + 37*q**2 + 39*q - 10. Let a be i(38). Let y(o) = -3*o + 125. Let f be y(37). Calculate the highest common divisor of f and a.
14
Let q(w) = 17 - 12 + 11*w - 8 + 22*w. Let l be q(2). Let d(g) = -8*g**3 + 2*g + 1. Let t be d(-1). Calculate the highest common divisor of t and l.
7
Let z = 1297 + -1227. Let a = 30 + 5. What is the highest common factor of a and z?
35
Let m = -281 + 421. Suppose -3*x - 35 = -m. Let o = -7 - -14. Calculate the highest common factor of x and o.
7
Let f = -7 + 11. Let p(r) = 4*r**3 - 7*r**2 + 3*r + 4. Let y be p(2). Calculate the greatest common factor of y and f.
2
Suppose 0 = 44*d - 13*d - 620. Calculate the highest common divisor of 348 and d.
4
Suppose 0 = -24*d + 211 + 77. Suppose -5 = 7*h - 2*h. Let c be d - ((-14 - -15) + 0 + h). Calculate the highest common factor of 108 and c.
12
Suppose -21*a - 68*a + 53044 = 0. Calculate the greatest common divisor of 1 and a.
1
Suppose -3*b - 1 + 7 = 0, 0 = -5*h - 3*b + 36. Suppose -h = 7*c - 10*c. Suppose -c*w + 1225 = 5*w. What is the greatest common factor of w and 25?
25
Let q(i) = -i**2 + 132*i - 721. Let m be q(6). Calculate the greatest common divisor of 1141 and m.
7
Let z(b) = -4*b + 152. Suppose f = 3*t + 20, -4*f - 13*t + 14*t = -69. Let n be z(f). Calculate the highest common factor of n and 105.
21
Suppose -g + 20 = 218. Let f = 246 + g. What is the highest common divisor of 384 and f?
48
Let i(o) = 83*o + 1354. Let g be i(-14). What is the greatest common factor of g and 128?
64
Let z(c) = -c**2 - 34*c + 6943. Let q be z(-102). Let t be (-25)/(-4) - (-15)/20. What is the greatest common divisor of t and q?
7
Let l be -6 - (-6 + -681) - (-4 + 1). Let r be ((-456)/l)/(1*(-2)/18). Calculate the greatest common factor of r and 14.
2
Suppose 0 = l + 5, -17 = 3*k - 4*l - 49. Suppose k*p = 5*c - 2679, -4*p = 10*c - 9*c - 555. Calculate the highest common factor of 49 and c.
49
Let l(j) = 3*j**2 - 49*j + 18. Let f be 4/(-6) - (-10 + (-60)/9). Let z be l(f). What is the greatest common factor of 34 and z?
2
Suppose -2*r - 362 = -2*n, 0 = -3*n + 19*r - 20*r + 547. Let d = n - 171. Calculate the greatest common factor of d and 4.
1
Let s = 6764 - 6577. Suppose 3*d = -5*p + 58, 2*p + 3*p - 50 = 5*d. Calculate the greatest common divisor of s and p.
11
Suppose n = 5*m - 28, 4*m = 6*m - 5*n - 25. Suppose 0 = -m*k - 4*k + 360. Calculate the highest common divisor of k and 50.
10
Let p be (-1)/(-5) + (-168)/1890 - 185432/(-36). Calculate the highest common factor of 153 and p.
51
Let s(t) = -t**2 + 27*t + 2523. Let v be s(65). What is the highest common factor of 3551 and v?
53
Suppose -90 = -9*z + 4*z. Let l(o) = o**3 + 5*o**2 - 9*o - 9. Let v = -515 - -509. Let s be l(v). Calculate the greatest common divisor of z and s.
9
Let d(m) = -4*m + 3. Let p be d(-5). Suppose 8*j - 888 = 1136. Calculate the highest common divisor of p and j.
23
Suppose 3*v + 310 = -158. Let r = -90 - v. Suppose 0 = -3*q - 3*h + r, -q = 6*h - h - 38. What is the highest common divisor of q and 18?
18
Let r(i) = -68*i + 823. Let g be r(12). Calculate the greatest common divisor of g and 2863.
7
Suppose 9*h = 4*h + 45. Suppose 0 = -3*t - 2*t + 15, -2*v - 8 = -2*t. Let a be 8/(-40)*-35 + 3 + v. Calculate the greatest common factor of a and h.
9
Let y be 0 + (16/6)/(39/7254). Calculate the highest common factor of 176 and y.
16
Suppose 10*g + 850 = -120. Let h = -47 - g. Let j = -258 + 383. Calculate the highest common factor of h and j.
25
Suppose -8*m = -2*m. Let q(u) = -18*u + 195. Let k be q(m). Calculate the greatest common divisor of 65 and k.
65
Let y = 5499 - 3866. Suppose -6*c + 257 = -y. Calculate the highest common factor of 140 and c.
35
Let j be (-7)/(-2)*(-320)/(-56). Suppose 0 = -3*t + j - 14. Calculate the highest common divisor of 1 and t.
1
Let y = 4227 - 2535. What is the highest common factor of y and 94?
94
Suppose -5*r + 6*s = -1634 - 16903, -5*s = 4*r - 14810. Calculate the highest common divisor of 195 and r.
195
Let h = -860 - -940. Calculate the greatest common factor of 460 and h.
20
Suppose 5*u = -5*z + 3*u - 13, -5*z = -u + 1. Let y = z - -20. Suppose 0*i - 190 = -2*i. What is the greatest common factor of y and i?
19
Suppose 3*w - 804 = 4*x, 0 = 2*w + 2*x - 301 - 249. Calculate the highest common factor of 255 and w.
17
Let d = 955 - 563. Let x(k) = -2*k**3 - 310*k**2 + 312*k + 147. Let y be x(-156). Calculate the highest common factor of y and d.
49
Suppose -94789 = 138*x - 394387. Calculate the highest common divisor of 13 and x.
13
Let j be 15/(-6)*((-33)/5 + -3). Let n = -21 + 34. Let x(s) = -s**2 + 14*s + 19. Let k be x(n). Calculate the highest common divisor of j and k.
8
Let m(x) = 5*x**2 + 7*x - 2. Let a be m(-2). Suppose 0 = -2*q - 0*l - 4*l + 38, -4*l = a*q - 56. Calculate the greatest common factor of 387 and q.
9
Let g = 4012 + 4628. What is the highest common factor of 15 and g?
15
Let b(m) = 3*m**2 + 18*m - 57. Let u be b(3). Calculate the greatest common factor of 9432 and u.
24
Suppose 24 = o - 3*k, 3*o = -36*k + 23*k + 28. What is the highest common factor of o and 178?
2
Let n(u) = -11*u**2 + 990*u + 2108. Let g be n(92). Let i be (280/(-6))/(4/(-12)). What is the highest common factor of g and i?
28
Let t be 9/(-6)*(-27)/18*25128/18. What is the highest common divisor of 6 and t?
3
Let w(p) = 10*p - 31. Let t be w(9). Suppose t = -3*m - 31. Let v be (16/m)/(-4) - 3256/(-330). Calculate the greatest common divisor of 30 and v.
10
Let d(y) be the second derivative of -y**5/20 - 7*y**4/6 + 13*y**3/6 + 2*y + 7. Let v be d(-15). Calculate the greatest common divisor of 30 and v.
30
Suppose 5*l + 5*q - 1055 = 0, 3*l - 2*q = 4*l - 207. Let a = 488 - l. What is the greatest common factor of a and 39?
39
Let z(n) = -n**2 - 12*n + 2. Let m be z(-10). Suppose -2*a = -3*a + m. Calculate the greatest common divisor of a and 10.
2
Let p = 13915 - 7290. What is the highest common divisor of 53 and p?
53
Let z = -1 + 33. Let d(h) = 2*h**2 + 80*h - 76. Let j be d(-36). Let o = -356 - j. What is the greatest common divisor of z and o?
8
Let r be (-3)/12*6*-18. Let a be (3/2)/(29/(-58)). Let v(t) = -7*t**3 + t**2 + 2*t - 3. Let u be v(a). What is the greatest common divisor of r and u?
27
Let i(q) = 56 + 3*q + 45 - 6 - 12. Let n be i(-23). What is the greatest common factor of 7 and n?
7
Let z = -58 + -40. Let f = z + 439. What is the highest common divisor of f and 31?
31
Let a(f) = 55*f**2 + 3*f + 2. Let v be a(-4). Calculate the highest common factor of v and 1885.
145
Let j be (4 + (-60)/3*1)*(-3 + -2204). What is the highest common divisor of j and 16?
16
Let v(r) = r**3 - 14*r**2 + 16*r + 35. Let i be v(13). What is the highest common factor of i and 6475?
37
Let s = 408 + -404. Suppose 2*h = 3*h + 2, 4*h = s*x - 748. Calculate the greatest common factor of x and 111.
37
Suppose 3*k + 2*o = 44, 4*k = -3*o + 18 + 39. Suppose 64*a - 66*a + k = 0. Suppose 189 - 909 = -a*f. What is the greatest common factor of f and 16?
16
Let k(o) = o**3 - 53*o**2 - 107*o - 138. Let z be k(55). What is the greatest common divisor of 342 and z?
9
Suppose -65 = -3*l + 4*r, 4*l - 406 = -5*r - 402. Calculate the greatest common divisor of 5049 and l.
11
Let r = 314 - 259. Let q be 1/(-12 - -10 - (-111)/55). Calculate the highest common factor of r and q.
55
Let z = -24686 + 24723. Let s be ((-333)/(-12))/(1/20). Calculate the greatest common divisor of z and s.
37
Suppose b - 4 + 5 = 0. Let k = b - -129. Let w be ((-16)/(-3))/(22/33). What is the greatest 